710?
7
What is the thousands digit of 10916472?
6
What is the units digit of 5253013?
3
What is the hundred thousands digit of 408589?
4
What is the units digit of 385449?
9
What is the tens digit of 639221?
2
What is the thousands digit of 136109?
6
What is the units digit of 400384?
4
What is the thousands digit of 247567?
7
What is the ten millions digit of 11807265?
1
What is the hundreds digit of 33580?
5
What is the hundred thousands digit of 1491708?
4
What is the ten millions digit of 15571760?
1
What is the ten thousands digit of 1592441?
9
What is the thousands digit of 1724273?
4
What is the units digit of 8044491?
1
What is the units digit of 822547?
7
What is the hundred thousands digit of 6858596?
8
What is the hundred thousands digit of 238412?
2
What is the thousands digit of 8639155?
9
What is the units digit of 4676022?
2
What is the tens digit of 758234?
3
What is the tens digit of 304356?
5
What is the units digit of 184159?
9
What is the units digit of 2212487?
7
What is the units digit of 1681920?
0
What is the hundreds digit of 4131759?
7
What is the ten thousands digit of 2828267?
2
What is the tens digit of 530115?
1
What is the tens digit of 532617?
1
What is the ten thousands digit of 2987296?
8
What is the ten thousands digit of 637859?
3
What is the units digit of 421656?
6
What is the ten millions digit of 28347309?
2
What is the hundreds digit of 319668?
6
What is the hundred thousands digit of 10759303?
7
What is the hundreds digit of 14301322?
3
What is the hundred thousands digit of 693067?
6
What is the tens digit of 475423?
2
What is the hundreds digit of 5371763?
7
What is the hundreds digit of 1848851?
8
What is the millions digit of 13866386?
3
What is the millions digit of 4400457?
4
What is the units digit of 7146496?
6
What is the hundreds digit of 858927?
9
What is the ten thousands digit of 2863407?
6
What is the millions digit of 6000730?
6
What is the hundred thousands digit of 288123?
2
What is the hundred thousands digit of 650824?
6
What is the thousands digit of 4663129?
3
What is the hundred thousands digit of 577168?
5
What is the ten thousands digit of 311318?
1
What is the hundreds digit of 14545?
5
What is the tens digit of 196773?
7
What is the units digit of 1253750?
0
What is the hundreds digit of 337055?
0
What is the ten thousands digit of 38055?
3
What is the units digit of 3602450?
0
What is the ten thousands digit of 380770?
8
What is the hundreds digit of 3695023?
0
What is the thousands digit of 260289?
0
What is the hundreds digit of 3070642?
6
What is the thousands digit of 14920977?
0
What is the hundreds digit of 3370341?
3
What is the millions digit of 4072177?
4
What is the hundred thousands digit of 777583?
7
What is the hundred thousands digit of 3196871?
1
What is the hundreds digit of 1578662?
6
What is the hundred thousands digit of 1332827?
3
What is the ten thousands digit of 289963?
8
What is the hundreds digit of 466889?
8
What is the ten thousands digit of 159048?
5
What is the hundred thousands digit of 21039652?
0
What is the units digit of 363246?
6
What is the ten thousands digit of 15031?
1
What is the ten thousands digit of 12032404?
3
What is the units digit of 413547?
7
What is the thousands digit of 1524177?
4
What is the units digit of 19877933?
3
What is the hundred thousands digit of 2474762?
4
What is the hundred thousands digit of 2331991?
3
What is the units digit of 199221?
1
What is the units digit of 1802796?
6
What is the units digit of 2305100?
0
What is the ten thousands digit of 385023?
8
What is the hundred thousands digit of 351388?
3
What is the tens digit of 942423?
2
What is the units digit of 781108?
8
What is the tens digit of 159586?
8
What is the hundred thousands digit of 204413?
2
What is the thousands digit of 2779237?
9
What is the hundreds digit of 230723?
7
What is the tens digit of 730135?
3
What is the ten thousands digit of 80192?
8
What is the units digit of 247887?
7
What is the units digit of 104639?
9
What is the millions digit of 5725460?
5
What is the hundreds digit of 846860?
8
What is the hundreds digit of 715397?
3
What is the ten thousands digit of 72918?
7
What is the millions digit of 1272884?
1
What is the ten thousands digit of 566335?
6
What is the hundred thousands digit of 1381114?
3
What is the thousands digit of 134234?
4
What is the thousands digit of 6899940?
9
What is the tens digit of 8980729?
2
What is the tens digit of 2379168?
6
What is the hundreds digit of 416061?
0
What is the thousands digit of 727112?
7
What is the thousands digit of 246189?
6
What is the units digit of 989315?
5
What is the thousands digit of 229021?
9
What is the tens digit of 135541?
4
What is the units digit of 1208927?
7
What is the tens digit of 179937?
3
What is the hundreds digit of 3478827?
8
What is the units digit of 286120?
0
What is the hundred thousands digit of 998561?
9
What is the tens digit of 195218?
1
What is the ten thousands digit of 911294?
1
What is the units digit of 149638?
8
What is the ten thousands digit of 198508?
9
What is the tens digit of 2363069?
6
What is the hundreds digit of 355445?
4
What is the ten thousands digit of 8571992?
7
What is the units digit of 1378905?
5
What is the units digit of 644423?
3
What is the units digit of 22552607?
7
What is the thousands digit of 5898183?
8
What is the thousands digit of 2730966?
0
What is the thousands digit of 2547668?
7
What is the tens digit of 15930564?
6
What is the tens digit of 899872?
7
What is the hundreds digit of 19001329?
3
What is the thousands digit of 17901136?
1
What is the units digit of 322627?
7
What is the hundred thousands digit of 3650145?
6
What is the millions digit of 3619759?
3
What is the ten thousands digit of 303264?
0
What is the tens digit of 275026?
2
What is the millions digit of 19066008?
9
What is the tens digit of 4512207?
0
What is the ten thousands digit of 10499300?
9
What is the millions digit of 5197075?
5
What is the ten thousands digit of 918977?
1
What is the ten thousands digit of 6972761?
7
What is the tens digit of 5006848?
4
What is the hundreds digit of 7379342?
3
What is the thousands digit of 4838452?
8
What is the millions digit of 4627438?
4
What is the hundred thousands digit of 10617285?
6
What is the units digit of 2795772?
2
What is the ten thousands digit of 1608640?
0
What is the ten thousands digit of 8378601?
7
What is the hundreds digit of 111580?
5
What is the hundreds digit of 81355?
3
What is the thousands digit of 4601436?
1
What is the tens digit of 456501?
0
What is the hundreds digit of 6265641?
6
What is the ten millions digit of 10090722?
1
What is the ten millions digit of 14655979?
1
What is the hundred thousands digit of 129762?
1
What is the thousands digit of 4838707?
8
What is the thousands digit of 729826?
9
What is the hundreds digit of 802263?
2
What is the tens digit of 955226?
2
What is the tens digit of 3891100?
0
What is the thousands digit of 15085438?
5
What is the millions digit of 3296144?
3
What is the ten thousands digit of 18120?
1
What is the hundred thousands digit of 145568?
1
What is the tens digit of 392524?
2
What is the ten thousands digit of 205977?
0
What is the hundreds digit of 8547975?
9
What is the ten thousands digit of 8996423?
9
What is the hundreds digit of 1434940?
9
What is the thousands digit of 5545254?
5
What is the hundreds digit of 100594?
5
What is the tens digit of 27522239?
3
What is the hundred thousands digit of 851014?
8
What is the units digit of 1050510?
0
What is the tens digit of 2941465?
6
What is the ten thousands digit of 14961115?
6
What is the tens digit of 448229?
2
What is the units digit of 108646?
6
What is the ten thousands digit of 883362?
8
What is the tens digit of 426543?
4
What is the tens digit of 225829?
2
What is the tens digit of 6091522?
2
What is the hundred thousands digit of 674384?
6
What is the units digit of 647362?
2
What is the thousands digit of 457318?
7
What is the units digit of 747789?
9
What is the ten thousands digit of 877833?
7
What is the hundreds digit of 14271295?
2
What is the tens digit of 1150222?
2
What is the units digit of 193875?
5
What is the ten thousands digit of 377751?
